-8 - (0 + -3)) + -3 - -3?
-5
What is the value of 1 + (-8 + -2 + 1 - -6)?
-2
Calculate -5 - (7 + -10) - -6.
4
Calculate 2 - ((-3 - -7) + 0) - -5.
3
-4 - (-8 + (0 - -5))
-1
(-6 + 6 - 22) + 7 + 7
-8
What is 0 + -7 - (-46 + 41)?
-2
What is the value of -3 + (-4 - (-5 + 3))?
-5
What is -2 + -3 + 16 + -6?
5
Calculate 1 + 9 + -7 + 3.
6
What is -2 + 1 + -4 + 7?
2
What is the value of 6 - ((1 - 2) + (2 - 0))?
5
2 - 1 - (-113 - -121)
-7
What is (-4 - 2) + (0 - -3)?
-3
What is the value of (0 - -3) + (-12 - -4)?
-5
What is the value of -2 - -5 - -2 - 3?
2
-1 - 1 - 0 - -6
4
What is 2 + (2 - -1) - (-60 - -66)?
-1
Calculate (-2 - -14) + -1 - 6.
5
Evaluate -2 + 0 + 5 + -7 + 7.
3
Calculate 5 + -13 + (8 - -5).
5
Evaluate -4 + (-3 - 0) - (-4 + -6).
3
Calculate -4 + -2 + 7 - (5 - 1).
-3
Evaluate 5 + (-9 + 3 - -2).
1
What is 22 + -28 + 0 + 5?
-1
What is the value of (-8 - (-2 - 3)) + -3 + 0?
-6
Calculate -8 + (-2 - (-4 + 4 + -4)).
-6
What is the value of (4 - 7) + 1 + 6 + -7?
-3
What is (6 - 0) + (5 + 13 - 20)?
4
What is (-7 - -9) + -3 + -5?
-6
What is the value of -7 + 7 + (-9 - -4)?
-5
Evaluate 2 - 2 - (1 + 0 + -4).
3
-40 + 46 + 2 + -11
-3
What is 13 - 8 - 2 - -2 - 7?
-2
What is the value of 9 + -2 + (-1 - (-1 - 1))?
8
Calculate -1 - (-5 + (-2 - -5)).
1
What is (-3 - -2) + 5 - (6 - 7)?
5
Evaluate -2 + 3 + 7 + -5 + -4.
-1
Calculate (-4 - -1) + 11 + (-6 - -1).
3
What is the value of 11 + -2 - (-1 - -5)?
5
What is the value of -4 + 8 + 1 - (-5 + 4)?
6
What is 0 + (-9 - -14) - (0 + 1)?
4
What is (6 - 15) + 2 + 10?
3
Evaluate 4 + 0 - (17 - 13).
0
Evaluate 1 + 1 + (4 + -2 - 2).
2
Calculate -5 - -8 - (4 - (0 - -3)).
2
What is -12 + (-7 - -2) + 10?
-7
What is the value of 3 + (0 + 1 + -1 - 0)?
3
What is the value of 3 - 4 - 2 - 2?
-5
Calculate 5 - (1 + -5 + 8) - 6.
-5
(-2 - -3) + (-12 - -7)
-4
Evaluate -7 + 5 + (-3 + -3 - -1).
-7
-3 + (0 + -2 - -2)
-3
What is -4 - -13 - (6 + 1)?
2
Evaluate 0 + -2 + -10 + 6 + 10.
4
Calculate 10 + (-5 - (8 - -1)).
-4
What is -1 + 3 + 0 + 10 + -6?
6
What is (4 - 2) + 2 - (-13 + 9)?
8
What is the value of (5 - 7) + 9 + -14?
-7
What is 5 - (6 - (3 - 2 - 3))?
-3
What is 2 + (1 - -12 - 10)?
5
What is 37 + -26 - ((-1 - -1) + 6)?
5
What is the value of -10 - ((-5 - -7) + -7)?
-5
What is 7 + -3 + -2 - 3?
-1
What is the value of 2 + (8 + -2 - 15) + 1?
-6
(-36 - -36) + (4 - -3)
7
What is the value of 0 + -1 - (-9 - -8) - 4?
-4
Calculate -1 - (-4 + 1 + 0 + -3).
5
What is (-12 - (-3 + -5 - -3)) + 4?
-3
Calculate 9 + (-7 - -3) + -1 + -2.
2
2 + -1 + 4 + -3
2
Evaluate 11 + (8 - 29) - -3.
-7
What is the value of -13 + (8 - 0) + 12?
7
What is -16 + (16 - (-10 - -12))?
-2
-14 + 15 - (1 + -3)
3
Evaluate -2 + (-3 - -9) + -5.
-1
-7 + (10 + -6 - 9 - -10)
-2
What is -2 - (1 + 2 - 1)?
-4
What is 7 + (-3 - 6) - (-1 - -1)?
-2
-1 + 4 - (10 + -2)
-5
Calculate 29 - 34 - (0 + -2 + 0).
-3
What is the value of (-17 - -3) + 6 + 4 + 0?
-4
What is the value of 7 + (-2 - (14 - 5))?
-4
(-4 + 5 - -3 - 2) + -4
-2
What is (8 - (20 + -8)) + 5?
1
Evaluate -1 - (-3 - (6 + -3)).
5
3 - (4 - (5 - (-1 - -3)))
2
What is the value of 0 + (0 - -3 - (-8 + 11))?
0
What is -33 - -57 - (16 - 2)?
10
-2 - (-4 - (2 - 0))
4
Calculate (14 - (10 - 4)) + -5.
3
Evaluate -1 - -4 - (1 - -2) - 6.
-6
What is -5 - (2 + -13) - 6?
0
What is the value of 4 + (5 - (1 + 13))?
-5
(-1 - -4) + (-2 - 1)
0
What is the value of -3 + (-1 - -7) - -2?
5
What is the value of (-4 - 0 - -3) + -2 + 2?
-1
What is -6 - (-4 - -1) - (1 + -5)?
1
0 + -9 + 5 - (1 - 2)
-3
What is (-30 - -25) + 4 + 1?
0
What is 3 + (-5 - -4) + -1 - -5?
6
What is -9 - -5 - -10 - 14?
-8
What is 2 + 0 + (-2 - (-3 + 3))?
0
Calculate 8 - (-1 + 9 - -4).
-4
3 + -8 + (-6 - -12)
1
Calculate 6 + (4 - 8) - 0.
2
2 + -4 + 4 + (-2 - 7)
-7
What is the value of (7 - 3) + -5 - -4?
3
What is the value of 1 + -7 + 2 - 6?
-10
Calculate (-2 - (-8 - -9)) + 8.
5
Calculate 0 + 3 - (4 - 4 - -1).
2
What is (2 - 0 - (53 - 47)) + 4?
0
Evaluate 1 + -3 - (0 + 6).
-8
5 + 0 + 2 + -15 + 10
2
What is 11 - (-8 - (-10 + -4))?
5
Evaluate 2 + -5 - (20 + -20).
-3
Calculate -2 + -1 - (-1 + (-4 - -4)).
-2
4 - (12 + -16 + 1)
7
Evaluate 2 + -3 - (3 + -3 + 3).
-4
What is 3 + (-7 + 10 - 5)?
1
Evaluate -13 - (1 - 29) - 25.
-10
3 + (-3 + 3 - 2) - 2
-1
Evaluate -3 + 0 - -3 - 3 - 2.
-5
Evaluate -9 - -13 - 13 - -12.
3
-4 - 3 - (-1 + 2)
-8
Calculate -8 + 17 - 7 - (-6 + 1).
7
Evaluate -14 - (-25 - -9) - 11.
-9
Evaluate -23 - -18 - (0 - 3).
-2
What is -3 + (2 - 0) - 3?
-4
What is the value of -2 - ((17 - 7) + -8)?
-4
Evaluate -1 - 4 - (4 + 3 + -3).
-9
Calculate -15 + (7 - (-4 - -2)).
-6
Calculate 9 - (-4 - (9 + -25)).
-3
Evaluate 3 + 3 + (2 - 3) + -4.
1
Evaluate 3 - (2 - (2 + -1 - -1)).
3
(13 - (3 - -2)) + -7
1
11 + -8 - 1 - (2 - -1)
-1
Calculate 5 - (-4 + 0 - -7).
2
5 + -2 + -1 + 0 + 0
2
Calculate 4 - (-5 + 8) - -2.
3
Calculate -5 + (8 + -9 - (-10 - 2)).
6
7 + -3 - (-4 - -1) - -1
8
(7 - 11) + 5 - -1 - 2
0
What is -6 - (1 + 0) - (10 + -12)?
-5
4 - (-3 + 3) - 6
-2
What is the value of -8 - (-13 + 2) - 7?
-4
-3 - (-3 + 0) - (-1 - 0)
1
What is the value of (1 - (-2 + 6)) + (-141 - -144)?
0
-4 - 2 - (-10 + -4 - -11)
-3
Calculate -8 - -4 - (7 + -6).
-5
4 - (-4 - -8) - (-5 - -7)
-2
Evaluate -1 - (-2 + (0 - 3 - 1)).
5
Calculate -3 + -3 - (-33 + 22).
5
(-10 - -9 - (-2 + 4)) + 3
0
Evaluate 17 - 14 - (-1 - -5).
-1
What is -3 - ((-2 - -4 - 2) + -2)?
-1
Calculate -2 - (-5 + 2) - (-3 + 7).
-3
What is the value of (3 - -9) + -3 - 5?
4
Evaluate (-7 - (-22 - -5)) + -16.
-6
What is 4 + (-5 - -3) + 0 - 7?
-5
Evaluate 5 + -1 + -1 + -3 - 4.
-4
Calculate 6 + (3 - 4 - 14) + 2.
-7
Calculate -1 + 2 + -5 + 4 - -2.
2
Calculate -16 + 19 + -4 + 0.
-1
Evaluate 6 - ((-1 - (-3 + -1)) + 5).
-2
Calculate 2 - (-1 - (-6 + (2 - -1))).
0
Evaluate -9 + -1 + (0 - -6) + -1.
-5
What is the value of 1 + -4 - (-8 + (-14 - -17))?
2
Evaluate 4 - (1 - -3 - 4).
4
0 + 2 - (-9 - -13)
-2
What is the value of 4 - 2 - ((4 - 7) + 4)?
1
What is 3 + -2 - (9 + 12 + -13)?
-7
Calculate 61 + -54 - (8 - 1).
0
What is the value of -1 + 7 + -13 + 7?
0
Evaluate (2 - 3) + 2 + (15 - 12).
4
-1 + (-2 + 2 - -2)
1
What is the value of 3 + -6 - (0 + -6)?
3
What is (5 - 7) + -2 + (0 - -10)?
6
What is the value of -5 - -8 - (2 + 1)?
0
Calculate (-1 - -3) + -14 + 6 + 15.
9
Evaluate 4 + 1 + (-6 - 6) + 5.
-2
Calculate -2 + -1 + 2 + 1 + -1.
-1
Calculate (-2 - -3) + -9 + 11.
3
What is the value of 2 - -1 - 2 - (3 - 4)?
2
Calculate (-4 - 0) + (4 - (1 + 4)).
-5
What is 0 + 2 + 1 + -13?
-10
What is the value of 21 - 18 - (0 + -1)?
4
Calculate -1 - (3 - 0) - (0 + -3).
-1
What is the value of (2 - (-7 - -7)) + -2?
0
-3 - (-7 + 12 - 7)
-1
Evaluate (-3 - -3) + -4 + 0 + 0.
-4
What is the value of 11 - ((3 - (-2 + 6)) + 8)?
4
Evaluate (14 - (-1 - -11)) + (-4 - 0).
0
What is the value of (10 - 20 - -10) + -9?
-9
0 - (3 - (-4 - -6))
-1
Evaluate -4 + 10 + 2 + -5.
3
Calculate 5 + 5 + -10 + 5.
5
5 + -8 + (10 - 5)
2
Calculate -4 + 1 + 3 + 5 - 3.
2
Calculate -3 - (-8 - -8 - 8).
5
Evaluate 5 + 3 + -12 - -8.
4
What is the value of -71 - -60 - (-6 + -1)?
-4
Evaluate -85 + 79 - (-1 - 5 - -2).
-2
Evaluate 5 + 8 + 0 - 9.
4
Calculate 0 + (3 - -1) + 1 - 9.
-4
(10 - (0 - (-1 - 2))) + -3
4
Calculate -11 - -10 - (-5 - -1).
3
(-4 - (-5 - -1)) + 4
4
Evaluate -1 + (0 - 3 - (4 + -7)).
-1
(-2 - 4 - 0) + 8
2
(-1 + 5 - -2 - 4) + -3
-1
Evaluate -8 - (-8 + (2 - 13) + 6).
5
What is the value of 0 + (9 - 7) - 7?
-5
(4 - 6) + -4 + 10
4
Calculate 5 + -3 - 2 - (4 - 6).
2
What is -4 + -2 + -2 + 4?
-4
Evaluate (6 + -4 - (-1 + 1)) + 2.
4
Evaluate -4 + 9 + -12 + 8.
1
Calculate 6 + (-4 - (-1 + -1)).
4
What is the value of -2 - (6 - 8) - (1 + -6)?
5
Evaluate 6 + -1 + -34 + 31 - -2.
4
Calculate (-2 - 8) + 4 + 4.
-2
Calculate 7 - (6 + 12) - 0.
-11
What is (-291 - -286) + (-1 - (1 + -6))?
-1
What is the value of 48 - 45 - (-3 - (-3 - -6))?
9
(4 - -1) + -6 - (-1 - 1)
1
(69 - 71) + (1 - 1)
-2
Evaluate 5 + -3 + -3 + -3.
-4
Calculate -8 - (-7 + (5 - 1)).
-5
What is (1 + -1 + 0 - -2) + 0?
2
What is 7 + (3 - (-3 - -7))?
6
Calculate -6 + (6 - (6 + -5 + 2)).
-3
What is (0 - -11) + 1 + -7?
5
Calculate -2 - (-3 + 3 + 0 + -3).
1
-3 + -11 + 19 + -2
3
(-1 - 1 - -4) + (-10 - -1)
-7
Evaluate -21 + 28 + -1 + -2 + -1.
3
-2 - (2 + -2 + -1 - 3)
2
Evaluate 1 + 0 + (6 - 4) + -5.
-2
What is 7 + (1 + 1 - 4)?
5
5 + (6 - 5) + -3 + -10
-7
1 -